-p**3 - 15*p**2 + 4. Let s be k(-15). Suppose 2*i = -5*m + 119, -2*m + s*i - 8*i = -38. Calculate the remainder when 95 is divided by m.
20
Let n(s) = s**3 + 5*s**2 + 2*s + 3. Let b be n(-4). Suppose w = b - 4. What is the remainder when 47 is divided by w?
5
Suppose -2*w - 3*w = -10. Let x(s) = -w*s**3 + 3*s**3 + 2*s**2 + 14*s**2 + 14*s. What is the remainder when 57 is divided by x(-15)?
12
Let p = -10 - -15. Suppose -5*r = -4*o - 85, -4 = o + 1. Calculate the remainder when 93/(-1 - p/(-2)) is divided by r.
10
Suppose 2*b = 2*l - 534, 5*l - 4*l - 267 = -5*b. What is the remainder when l is divided by 15?
12
Suppose -5*f - 29 = -3*m, 6*m - m = f + 85. Calculate the remainder when 83 is divided by m.
11
Let a(j) = 6*j**2 - 19*j + 23. What is the remainder when a(12) is divided by 55?
54
Let m = 135 - 87. Suppose -3*y + 14 = -2*y - 5*t, 0 = 5*y - 3*t - m. What is the remainder when 33 is divided by y?
6
Suppose -5*n + 20 = -5*q, 4*n + 7*q = 2*q + 34. Suppose 2*a + 4 = -2*d, 5*a - 2*a - 3*d = -n. What is the remainder when a/((-6)/(-3)) + 29 is divided by 10?
8
Let i = 113 + -99. Calculate the remainder when i is divided by 12.
2
Suppose 57*v = 59*v - 328. Calculate the remainder when v is divided by 42.
38
Suppose h = 23*h - 2068. Calculate the remainder when h is divided by 20.
14
Suppose -a - z - 3*z = -9, -a + 4*z + 17 = 0. Suppose 0 = -18*y + a*y + 85. Calculate the remainder when 99 is divided by y.
14
Suppose -2*c = -4*c + w + 4, -c - 4 = -2*w. Suppose -7 = 2*o + 3*t, -3*o = -2*o - c*t - 2. Calculate the remainder when 3 is divided by o + (-8)/((-8)/4).
1
Let s(l) = l**2 + 10*l + 21. Let d be s(-8). Let b(n) = -n**2 + 10*n - 17. What is the remainder when 30 is divided by b(d)?
6
Suppose 67*q - 186 = 1221. Calculate the remainder when 356 is divided by q.
20
Let t = -137 - 50. Let s = t - -107. Calculate the remainder when ((-9)/2)/(5/s) is divided by 25.
22
Suppose 0 = y - r - 55, 0 = -3*y + r + r + 164. Calculate the remainder when 120 is divided by y.
12
Suppose -4*z + 363 = 5*w, 76 + 209 = 4*w + 5*z. Calculate the remainder when w is divided by 22.
9
Calculate the remainder when 107 is divided by (-4444)/303*(-6)/2.
19
Let f = -65 - -74. Let o(p) = p - 4. Calculate the remainder when 9 is divided by o(f).
4
Let y = -6 - -4. Suppose 28 = a - 3*f, -2*f = a - 12 - 6. Calculate the remainder when a is divided by (-2 + (y - -12))*1.
6
Suppose m = -2*m - 42. What is the remainder when 8/(-6)*63/m + -3 is divided by 3?
0
Suppose 2 + 8 = 2*w. Suppose -17 = -w*g - 7. Suppose -g*l + 3*c + 56 = 0, 0*l - 2*c - 28 = -l. Calculate the remainder when l is divided by 16.
12
Suppose -7*o - 1300 = -12*o. What is the remainder when o is divided by 44?
40
Suppose 5*v + 0*f + 3*f - 33 = 0, 3*v - 47 = 5*f. Suppose 7*x - v*x = -164. Calculate the remainder when x is divided by 22.
16
Let a(i) = i**3 - 11*i**2 - i + 12. Let v be a(11). What is the remainder when 7 is divided by (v - 0)/(17/51)?
1
Suppose 6*g - 5*g - 4*f + 20 = 0, 3*g - 20 = -4*f. Suppose -2*n + g*n = u - 1, 2*u - 10 = 4*n. What is the remainder when 22 is divided by (-12)/(-3 - n)*1?
4
Suppose 4*b - 50 = -2. Calculate the remainder when 317/9 - 2/9 is divided by b.
11
Let o = -906 + 1546. Suppose -5*u + 295 = -o. Suppose 5*m + v = -54 + u, 29 = m + v. Calculate the remainder when m is divided by 7.
5
Suppose -26*x + 217 = -19*x. What is the remainder when x is divided by 19?
12
Let a(r) = 3*r**2 - 5*r - 80. Let n be a(19). Suppose 3*j - n = -3*p - 2*p, 2*j = -2*p + 364. What is the remainder when p is divided by 26?
25
Let w(o) = 4*o**2 + 4. Suppose 4*a - z + 11 = 0, -2*z = 1 + 1. Calculate the remainder when w(3) is divided by 0 + 14 + 0 + a.
7
Let x = 544 - 537. Calculate the remainder when 391 is divided by x.
6
Let k = -47 - -51. Suppose -k*j = 0, p - 3*p = 2*j - 2. What is the remainder when 3 is divided by p?
0
Suppose 3*r - 129 = -21. Let x = r - 27. Calculate the remainder when 24 is divided by x.
6
Let y be (-23)/(-5) + (-27)/45. Suppose -y*i = -5*i + 37. What is the remainder when 109 is divided by i?
35
Suppose b = -0*b - 2*r + 21, -2*b - r = -48. Let x be -2 + (-14)/(-2)*2. Let g = x + 1. What is the remainder when b is divided by g?
12
Let k = 1 + -1. Suppose -4*l + 56 = 3*a, -2*l - 2*l + 20 = k. Calculate the remainder when 20 is divided by a.
8
Let m = 5533 - 5461. Let c(y) = y**2 - 6. What is the remainder when m is divided by c(5)?
15
Suppose 0 = -4*f - 83 + 295. Suppose 13 = -2*h - 3. Calculate the remainder when f is divided by 3*h/(-12)*9.
17
Let m(j) = j**2 + 20*j + 100. What is the remainder when 190 is divided by m(-6)?
14
Suppose -4*f = -20, 6*f - 87 = -3*y + 9*f. What is the remainder when 296 is divided by y?
24
Let a = 46 - -34. Suppose -2*c + t + 53 = 0, -3*c + 6*c - 2*t - a = 0. Calculate the remainder when (-8 + (-2)/2)*153/(-27) is divided by c.
25
Let v = 120 + -77. What is the remainder when 123 is divided by v?
37
Let g = -6 - -19. Let p = -7 - -10. Suppose -p*s + 60 = 3*v + 2*s, -s + 47 = 2*v. What is the remainder when v is divided by g?
12
Let z be 14/8 + -1 + 85/20. Let s(t) = -t**2 + 9*t - 6. Calculate the remainder when 64 is divided by s(z).
8
Suppose 0 = 5*m + 15, 7*h - 2*h = -4*m + 133. What is the remainder when 202 is divided by h?
28
Suppose 4*o + 0*i + 3*i - 176 = 0, -2*o = -2*i - 102. What is the remainder when o is divided by 14?
5
Let w be (-7)/(-3) + -1 + 30/18. Suppose 0 = -w*q - 3*p + 129, 3*q + p - 59 - 80 = 0. What is the remainder when q is divided by 28?
20
Let s = -35 + 70. Suppose 7 = -r + 3*z, 0 = -2*r + 7*r - z - s. Suppose 0 = -2*u + 3*u - 22. Calculate the remainder when u is divided by r.
6
Suppose -25 = -v - 15. What is the remainder when 69 is divided by v?
9
Let m = -2 + -4. Let k be (-148)/(-3)*m/(-4). Let b = 11 + k. What is the remainder when b is divided by 22?
19
Suppose 68*n - 63*n = 20. Calculate the remainder when 157 is divided by n.
1
Let d(s) be the first derivative of 4*s**4 + 2*s**3/3 - s + 2. What is the remainder when (-8)/(24/15) + 38 is divided by d(1)?
16
Suppose -4*m + 3 = 2*h + 9, 0 = -h - 3. Suppose -4*u + 179 = 3*z - m*z, -4*z + 3*u + 197 = 0. Calculate the remainder when z is divided by 14.
11
Let f = 0 + 3. Suppose -4*r + 14 = -2*m, 0 = -4*r - m - f*m + 20. Let b = 1 + r. Calculate the remainder when 7 is divided by b.
2
Suppose 4*l = l + 54. Let o(m) = 7*m**2 + 118*m - 11. Calculate the remainder when l is divided by o(-17).
0
Suppose 5*a - 51 = p, 4*a - 4*p = p + 45. Let j = a + -5. Suppose 7*i + 4*y - 71 = 2*i, 0 = -j*i + 5*y + 80. What is the remainder when 56 is divided by i?
11
Let x(q) = -q**3 - 21*q**2 - 36*q + 42. What is the remainder when 29 is divided by x(-19)?
1
Suppose 0 = l + 5*c - 26 - 27, 0 = -3*l - 3*c + 207. Let d = l + -25. What is the remainder when d is divided by 17?
14
Suppose -3*w = 0, 0 = -0*k + 2*k - 2*w - 4. Suppose -i - k*i - 2*h = -158, i = 2*h + 50. Let m = -5 + 23. What is the remainder when i is divided by m?
16
Suppose 31 - 82 = -17*u. Suppose -u*q = -2*q - 63. What is the remainder when q is divided by 13?
11
Let o be (32/20)/(10/75). Suppose -12 = -g + 4*l - 5*l, 3*l = -o. What is the remainder when 2/4 - 57/(-2) is divided by g?
13
Suppose 1218 = 5*q - u, -q - 2*u = 3*q - 980. Let t = q + -99. What is the remainder when t is divided by 37?
34
Let i be 2/(-4)*(3 + -25). Let r(k) = -k**3 + 10*k**2 + 15*k - 13. Let h(l) = l**3 + l - 2. What is the remainder when r(i) is divided by h(2)?
7
Suppose 3*w - 2*w = 0. Let u(f) = -f**3 + f**2 + 13. Calculate the remainder when (52 - 0) + 8 + -9 is divided by u(w).
12
Suppose 21717 = 88*o - 17531. What is the remainder when o is divided by 43?
16
Let d(c) = c - 8. Suppose w + 6 = 15. Let m be d(w). Suppose -2*u + 11 = -m. Calculate the remainder when u is divided by 2.
0
Suppose 804 - 76 = 8*z. Calculate the remainder when 176 is divided by z.
85
Let a = 1149 - 1065. What is the remainder when a is divided by 5?
4
Let g = 46 + -13. Let z be (-6)/(((-45)/(-6))/(-5)). Suppose -x - g = -z*x. What is the remainder when 52 is divided by x?
8
Let q = -111 - -138. Suppose -13*m + 945 = -4*m. What is the remainder when m is divided by q?
24
Suppose -4*k - 5 = -21, 5*i + 2*k - 68 = 0. Suppose -3*s + n + 63 = -3*n, 0 = 4*n + i. Ca